 164d (base 14) to base 9.
5422
What is -1111002 (base 3) in base 9?
-1432
-6263 (base 11) to base 16
-2069
Convert 48714 (base 9) to base 3.
1122210111
What is 275 (base 11) in base 13?
1bc
Convert 1010001101111010 (base 2) to base 13.
16083
Convert 1200120 (base 4) to base 5.
144133
What is -331120 (base 4) in base 5?
-111203
What is 1015 (base 6) in base 5?
1402
What is -177237 (base 8) in base 9?
-108365
What is -8d1 (base 14) in base 6?
-12035
What is 15261 (base 7) in base 15?
13dc
Convert -32001221 (base 4) to base 11.
-3a187
-151131 (base 8) to base 10
-53849
Convert -34300 (base 6) to base 3.
-20200000
Convert 1012010 (base 3) to base 7.
2346
What is -289 (base 13) in base 5?
-3301
Convert -211120100 (base 3) to base 13.
-7647
Convert -31503 (base 8) to base 11.
-9950
What is -32 (base 11) in base 15?
-25
What is -9 (base 12) in base 14?
-9
-145114 (base 7) to base 8
-67032
Convert 3033 (base 6) to base 11.
559
-292 (base 10) to base 3
-101211
-116f (base 16) to base 14
-18ab
What is 23313 (base 4) in base 12?
533
What is -1223 (base 5) in base 11?
-161
-744 (base 9) to base 16
-25f
Convert -4035 (base 7) to base 11.
-1061
What is 1000101000100010 (base 2) in base 11?
24628
Convert -13423 (base 5) to base 8.
-2131
Convert 26022 (base 8) to base 9.
16425
60c (base 13) to base 12
716
What is 1100202122 (base 3) in base 7?
141065
-221101020 (base 3) to base 5
-1043001
What is 32881 (base 9) in base 5?
1144422
Convert c78 (base 15) to base 8.
5375
Convert 111100110101011 (base 2) to base 7.
156544
Convert 7 (base 14) to base 4.
13
Convert 6a09 (base 12) to base 9.
17180
Convert -21000120 (base 3) to base 16.
-13fe
What is 234 (base 6) in base 3?
10111
-221000 (base 4) to base 15
-b9e
What is 2964 (base 12) in base 2?
1001011011100
-1f15 (base 16) to base 8
-17425
What is -201002 (base 3) in base 15?
-245
What is 10201112 (base 3) in base 12?
16a2
244154 (base 6) to base 2
101010010100110
-11111000111 (base 2) to base 7
-5543
What is -46662 (base 7) in base 14?
-4532
What is 3440 (base 9) in base 8?
4763
1ba (base 12) to base 2
100011110
Convert -110101101 (base 2) to base 5.
-3204
6343 (base 7) to base 5
32421
242115 (base 6) to base 16
52df
Convert 1100001010 (base 2) to base 4.
30022
What is 100100101100 (base 2) in base 9?
3188
-11011103 (base 4) to base 11
-14707
-188 (base 15) to base 2
-101100001
Convert 12231 (base 6) to base 4.
130123
-2201011 (base 5) to base 4
-21023333
Convert 23681 (base 10) to base 8.
56201
What is 681 (base 12) in base 6?
4241
-239 (base 10) to base 5
-1424
Convert -a706 (base 13) to base 12.
-1149b
What is 3c6 (base 13) in base 8?
1235
Convert -1010111101 (base 2) to base 4.
-22331
Convert 183 (base 16) to base 3.
112100
22417 (base 8) to base 9
14011
What is 2214422 (base 5) in base 13?
1482a
323144 (base 5) to base 8
25451
1337 (base 12) to base 4
202123
Convert -164525 (base 7) to base 5.
-2022344
-11133222 (base 4) to base 11
-15a00
Convert -10323120 (base 4) to base 10.
-20184
What is -1742 (base 12) in base 3?
-10211012
What is eae (base 16) in base 5?
110013
52251 (base 6) to base 15
212a
Convert 63022 (base 8) to base 13.
bb80
-2aa (base 11) to base 8
-552
Convert -11011011101 (base 2) to base 16.
-6dd
Convert -40a (base 15) to base 13.
-550
What is -20240 (base 6) in base 4?
-222000
Convert 997 (base 12) to base 4.
112003
-14718 (base 11) to base 10
-20831
Convert 2010 (base 5) to base 7.
513
Convert 22325 (base 6) to base 9.
4278
-481 (base 15) to base 2
-1111111101
686 (base 11) to base 10
820
Convert -6121 (base 10) to base 5.
-143441
47d (base 16) to base 6
5153
Convert 1272 (base 8) to base 7.
2015
What is 72411 (base 8) in base 3?
1112002200
-d269 (base 15) to base 13
-172b3
-3374 (base 8) to base 13
-a77
What is -1743 (base 8) in base 2?
-1111100011
1001011011 (base 2) to base 4
21123
What is 503 (base 12) in base 4?
23103
-13631 (base 11) to base 13
-8a9b
What is -481 (base 10) in base 14?
-265
Convert -1012 (base 6) to base 16.
-e0
200112 (base 3) to base 9
615
Convert -5017 (base 10) to base 14.
-1b85
What is -102ab (base 12) in base 3?
-1002000112
Convert 3660 (base 10) to base 15.
1140
Convert 1042 (base 6) to base 12.
182
2539 (base 11) to base 15
ea9
What is -200 (base 12) in base 6?
-1200
Convert -6471 (base 11) to base 10.
-8548
What is 1011000001000010 (base 2) in base 14?
12630
11343 (base 8) to base 15
1675
Convert 977 (base 12) to base 13.
829
-344441 (base 5) to base 11
-9430
Convert 6dd7 (base 14) to base 7.
106660
Convert 3403 (base 5) to base 7.
1252
-2bb8 (base 13) to base 8
-14404
What is -662 (base 9) in base 15?
-262
-1602 (base 9) to base 6
-5345
Convert -1177 (base 9) to base 10.
-880
What is -76 (base 11) in base 14?
-5d
Convert -2421 (base 9) to base 6.
-12201
What is -3de (base 16) in base 13?
-5b2
923c (base 16) to base 5
2144221
What is -577 (base 11) in base 16?
-2b1
-6b1 (base 12) to base 3
-1100221
-2502 (base 7) to base 13
-56a
Convert -1315 (base 13) to base 5.
-41342
50254 (base 6) to base 7
25126
-231012 (base 4) to base 9
-3856
What is -2a92 (base 11) in base 6?
-30221
What is 1110011100 (base 2) in base 5?
12144
What is -27c (base 13) in base 4?
-12321
What is -8962 (base 11) in base 16?
-2e1d
-107d (base 14) to base 3
-10220202
Convert -2218b (base 12) to base 14.
-12671
What is -230a (base 12) in base 14?
-15c6
eed (base 15) to base 3
11121221
What is -328 (base 12) in base 7?
-1232
Convert -248 (base 16) to base 9.
-718
-27541 (base 12) to base 13
-1b96a
What is -1033 (base 10) in base 14?
-53b
What is -939 (base 14) in base 9?
-2436
Convert -1001101 (base 2) to base 13.
-5c
What is 10254 (base 9) in base 12?
3b04
33e (base 16) to base 5
11310
-346635 (base 7) to base 12
-30143
-14603 (base 9) to base 11
-7540
What is -1160 (base 14) in base 10?
-3024
What is 101010111010100 (base 2) in base 8?
52724
What is -33669 (base 13) in base 8?
-266277
1000110110010 (base 2) to base 5
121110
What is 442005 (base 6) in base 5?
2133400
Convert c9 (base 14) to base 3.
20120
Convert 222002020 (base 3) to base 7.
106302
-1100010101111 (base 2) to base 8
-14257
What is -10309 (base 13) in base 10?
-29077
-11110111111 (base 2) to base 7
-5532
Convert 43 (base 12) to base 15.
36
-2a013 (base 11) to base 8
-123156
What is 429 (base 10) in base 14?
229
Convert 113424 (base 5) to base 11.
3204
What is -1001011011011 (base 2) in base 6?
-34203
Convert 5634 (base 8) to base 2.
101110011100
Convert 1673a (base 12) to base 15.
97dd
Convert 114 (base 6) to base 7.
64
Convert -2420 (base 7) to base 8.
-1600
Convert 17a (base 15) to base 5.
2330
-60388 (base 9) to base 3
-2000102222
Convert 46c (base 14) to base 11.
730
What is -852 (base 9) in base 14?
-379
-3023122 (base 4) to base 9
-18764
Convert 606 (base 7) to base 2.
100101100
Convert -57c1 (base 16) to base 5.
-1204330
What is -1be2 (base 15) in base 12?
-3612
247 (base 15) to base 16
205
What is 11231 (base 5) in base 13?
4aa
21424 (base 6) to base 9
4057
1301231 (base 5) to base 15
76e6
What is 29 (base 11) in base 3?
1011
Convert -131214 (base 5) to base 13.
-248a
What is 269 (base 11) in base 5?
2232
Convert -768 (base 15) to base 16.
-689
-b1 (base 13) to base 3
-12100
What is -347 (base 13) in base 3?
-202222
110011 (base 3) to base 9
404
1113 (base 9) to base 6
3450
What is 265 (base 15) in base 14?
2ad
-101022210 (base 3) to base 4
-1311213
What is 15b (base 13) in base 3?
100002
Convert 4d22 (base 14) to base 6.
142430
-208 (base 13) to base 3
-110211
What is -b348 (base 12) in base 13?
-8b49
Convert 2233220 (base 5) to base 9.
60543
What is 2997 (base 16) in base 11?
7aaa
Convert 8082 (base 14) to base 3.
1010021021
-2012310 (base 4) to base 16
-21b4
What is 4b6 (base 12) in base 6?
3150
What is -36c (base 15) in base 6?
-3333
109 (base 16) to base 4
10021
Convert -303 (base 7) to base 3.
-12120
What is -30 (base 15) in base 7?
-63
Convert -16013 (base 7) to base 11.
-33a3
Convert -11223 (base 5) to base 10.
-813
What is -8908 (base 13) in base 3?
-222012121
Convert -8c (base 14) to base 12.
-a4
Convert -1923 (base 10) to base 5.
-30143
Convert -4590 (base 13) to base 9.
-14333
What is -4197 (base 10) in base 16?
-1065
Convert 22211 (base 4) to base 5.
10202
What is -153e (base 15) in base 8?
-10717
Conver